se -4*z - 5*y - 9 = c, -4*z - 7 = 3*y. Suppose -6*w + 80 = -z*w. List the prime factors of w.
2, 5
Let k = -9 - -5. Let h be -10*(-4)/(-20)*k. Let m = 23 + h. List the prime factors of m.
31
Let a(n) be the third derivative of -n**6/120 + n**5/20 + n**4/8 - n**3/3 - 28*n**2. List the prime factors of a(-2).
2, 3
Let p = -949 + 1381. What are the prime factors of p?
2, 3
Suppose 0 = -3*d - 2 - 13, 3*v = 2*d + 1633. What are the prime factors of v?
541
Let b(v) = -5*v**2 - 3 + 3*v**2 - 7*v + 3*v**2. Let i be b(8). Suppose -a = -g + 2*a + 25, -i*g = 4*a - 163. What are the prime factors of g?
31
Suppose -2*u = -5*a + 7, 3*a = u + 2*u - 3. Suppose -117 = -5*d + 2*m + 105, 4 = -u*m. What are the prime factors of d?
2, 11
Suppose -s + 5418 = 5*n + 3*s, -3267 = -3*n + 3*s. List the prime factors of n.
2, 3, 181
Let x(p) = 2*p**2 - 4*p - 86. What are the prime factors of x(10)?
2, 37
Suppose 0 = 4*w - 3*w - 97. Let u = w - 51. What are the prime factors of u?
2, 23
Let z = 3014 - 2006. List the prime factors of z.
2, 3, 7
Suppose 108275 = 92*n - 21*n. List the prime factors of n.
5, 61
Suppose -j - j = 10. Let b(g) = -16*g + 2. What are the prime factors of b(j)?
2, 41
Let w = -2 + -17. Let k = 98 + w. List the prime factors of k.
79
Suppose 0 = -2*o + 48*f - 51*f + 5918, -5*o = 2*f - 14817. What are the prime factors of o?
5, 593
Suppose 2*b - 5*w = 6704, 6*b - 16733 = b - w. What are the prime factors of b?
3347
Let y(c) = -c**2 + 10*c - 11. Let h be (-49)/(-6) - (-1)/(-6). Let d be y(h). Suppose q + 0 = d. What are the prime factors of q?
5
Let h(a) = a**2 - 2*a - 3. Let f be h(3). Suppose 5*i - 20 = -f*i. Suppose -i*v = v - 110. What are the prime factors of v?
2, 11
List the prime factors of (-7)/(-42)*24 + 1*1891.
5, 379
List the prime factors of ((-238)/(-17))/(2/119).
7, 17
Let l(m) = 2*m**3 + 9*m**2 + 4*m + 4. Suppose 0 = -7*z + 3*z - 16. What are the prime factors of l(z)?
2
Let l = -1735 + 2882. List the prime factors of l.
31, 37
Let y(b) = 2*b - 1. Let a(n) = -5*n. Let x(s) = a(s) - 4*y(s). List the prime factors of x(-14).
2, 3, 31
Suppose 0 = 3*i + 4*q - 15, 0 = 2*i - q + 2*q - 10. Suppose 895 = 5*b + 5*v, b - 364 = -b - i*v. What are the prime factors of b?
3, 59
Let o be (-1)/(-5) - (-170)/25. Suppose -o*j = -1318 + 58. What are the prime factors of j?
2, 3, 5
Let r be 3*((-1 - -2) + 0). Let k(t) = 6*t**3 - 7*t**3 + 4 + r*t + 4*t + 5*t**2. List the prime factors of k(6).
2, 5
Suppose 143898 - 405096 = -42*m. List the prime factors of m.
3, 691
Let y = 1528 - 496. What are the prime factors of y?
2, 3, 43
Let z(d) = -d - 23. Let s be z(-25). Suppose 3*a = 4*a - 6. Suppose 72 - a = s*k. What are the prime factors of k?
3, 11
Let m = -3 + 52. Let q = m + 176. List the prime factors of q.
3, 5
Let k = -21 + 25. Suppose -4*h - k*d = -356, -3*d - 8 = -5*d. What are the prime factors of h?
5, 17
Suppose -3*c = -5*n - 6, -5*n = 3*c - 5*c + 9. Let v be (-1)/5 - n/15. What are the prime factors of (-4 + -30)/(v - 2)?
17
Let i be (2/(-4))/((-3)/138) - -1. List the prime factors of (-795)/(-9) + (-4)/i*-4.
89
Let r(h) = -h**2 - 39*h + 50. What are the prime factors of r(-22)?
2, 53
Let g(s) be the third derivative of 6*s**2 + 0 + 0*s + 1/6*s**4 + 1/15*s**5 - 1/6*s**3. List the prime factors of g(-2).
7
Suppose 5 = 3*j - 1. Suppose -2*f = 3 - 7, 4*n + j*f - 12 = 0. What are the prime factors of 55 - (0 + n)*1?
53
Suppose 0 = -2*s + 5*l + 2416, 4*s - 72*l = -69*l + 4818. What are the prime factors of s?
3, 401
Suppose 29*f - 18*f - 36168 = 0. What are the prime factors of f?
2, 3, 137
Let y be 8 + -2 + -4 + (-14)/(-7). Suppose -3*u + u = 0. Suppose -k - y*k = -4*o + 121, -4*k - 4 = u. What are the prime factors of o?
29
Let t be (5 + -1)*(-15)/(-12). Suppose t*v + 0 = -15. List the prime factors of (-151)/v + 22/33.
3, 17
What are the prime factors of 10/(-5)*2*(-1125)/4?
3, 5
Suppose -5800 = 1010*l - 1012*l. What are the prime factors of l?
2, 5, 29
Let m = 198 - -266. What are the prime factors of m?
2, 29
Let j be (6 - 1) + (-4 - -6). Let d = -4 + j. Suppose -4*b + 103 = d*q, q - 20 = 2*b + 21. What are the prime factors of q?
37
Suppose 2196 = 7*d + 831. What are the prime factors of d?
3, 5, 13
Let h = -220 + 1729. List the prime factors of h.
3, 503
Let i be (-22)/5 + (-6)/(-15). Let h(x) = -21*x + 4. What are the prime factors of h(i)?
2, 11
Suppose -3*m = -5 - 31. Suppose -m = -4*a - 2*a. What are the prime factors of a?
2
Let z = -108 - -273. Let l = z - 105. Suppose -3*s + 20 = 2*s, l = g - s. List the prime factors of g.
2
Let a = 93 + -166. Let k = 3 - a. List the prime factors of k.
2, 19
Let k = -90 + 203. Suppose 5*w + 73 - k = 0. List the prime factors of w.
2
Suppose 4*b - 3*a = -23, 0*b - 3*b - 13 = 2*a. Let x(n) = n**3 + 7*n**2 + 8*n + 7. Let p be x(b). Let h = p + -7. What are the prime factors of h?
2, 5
Let h(z) = z - 7. Let u be h(12). Suppose u*n - 561 - 29 = 0. What are the prime factors of n?
2, 59
Suppose -2*t - 36 = -0*t. List the prime factors of (-156)/t*(-27)/(-6).
3, 13
List the prime factors of (-71)/(5/100*-4).
5, 71
What are the prime factors of ((-508)/(-6))/((-3247)/(-357) - 9)?
7, 127
Let w = -18 + 20. Let s(p) = 3*p + 5. List the prime factors of s(w).
11
Suppose 18 = -l - 12. Let q be ((-24)/10)/((-1)/(-5)). Let v = q - l. What are the prime factors of v?
2, 3
List the prime factors of -1 + 28/4 - -103.
109
Let n(z) = 62*z**2 + 1. Let d(v) = -123*v**2 - v - 2. Let s(f) = 2*d(f) + 5*n(f). Suppose 3*o - 4 = -o. What are the prime factors of s(o)?
3, 7
Suppose -8*p + 16534 = -7010. What are the prime factors of p?
3, 109
Suppose -3*u - 4*u = -287. Suppose -239 + u = -o. What are the prime factors of o?
2, 3, 11
Let a(u) = -u + 19. Let b = -9 + -12. What are the prime factors of a(b)?
2, 5
Suppose 10*a + 0*a = 20. Suppose -182 - 12 = -a*r. List the prime factors of r.
97
Suppose -4*x = 4*f - 32, x - 5*x - f = -26. Suppose q = x*q - 30. What are the prime factors of (4/q)/(8/108)?
3
Suppose 7*t + 2 = 8*t. Suppose -t*g = -155 - 67. What are the prime factors of g?
3, 37
Suppose x - 125 = 19. Let v = 279 - x. What are the prime factors of v?
3, 5
What are the prime factors of 20370/45 + 7/3?
5, 7, 13
Suppose -3120 = -20*w + 4*w. List the prime factors of w.
3, 5, 13
Let m(l) = 6 - 8*l - 9*l**2 + 5*l**3 - 4*l**3 + 6. Suppose -2*a = -0 - 20. List the prime factors of m(a).
2
Suppose 0 = -2*s + 8, 4*v = 3*s + 3 + 5. Suppose 0*d = -4*h + 2*d + 60, 19 = 3*h + v*d. List the prime factors of h.
13
Suppose 7*h - 3*h = 5*k + 3623, 4*k - 3668 = -4*h. List the prime factors of h.
2, 3, 19
Let o(g) = -6*g + 186. Let p(f) = -2*f + 62. Let v(m) = 6*o(m) - 17*p(m). Let n be v(0). Suppose -n = 2*j - 4*j. List the prime factors of j.
31
Let a(s) = 2*s**2 + 7*s + 8. Let v(l) = -l**2 + 14*l - 58. Let f be v(6). List the prime factors of a(f).
2, 3, 23
Suppose o = m - 4, 5*m + o - 1 = -5. Suppose m = -8*i + 4*i - 16. List the prime factors of i/(-3) - (-1044)/27.
2, 5
Let t(q) = -8*q - 7. Let i be t(6). Let w = 93 + i. Suppose 3*l = w + 37. What are the prime factors of l?
5
Suppose -3*w = z - 62, 16 = -2*z + 4*w + 100. Let f be (-1 + -1)*(2 - 3). List the prime factors of z/3*3/f.
5
Let h be 1/(3 - 4 - -2). Let s = 0 + h. Suppose -19 = -2*b + s. List the prime factors of b.
2, 5
Suppose 20*x + 2513 = 27*x. List the prime factors of x.
359
Let t(b) = -22*b**3 + 2*b**2 - 3*b - 3. List the prime factors of t(-3).
2, 3, 103
Let q be (0 - 1) + (5 - 23). Let n = q + 31. Suppose n - 112 = -5*c. List the prime factors of c.
2, 5
Suppose g = 4*d - 6570, 3*d + 2*d - 8218 = 4*g. What are the prime factors of d?
2, 821
Suppose -w = -h, -4*h - h = 3*w - 32. Suppose 4*u - 37 = -w*y - 5, 0 = u - 3. Suppose -x + 0*x + 4*r + 11 = 0, -y*r + 74 = 2*x. What are the prime factors of x?
3
Let c = 37 - 36. Suppose 4*r - 117 = -c. List the prime factors of r.
29
Suppose -18*f + 16*f = -4. Suppose -f*r = -r - 234. List the prime factors of r.
2, 3, 13
Let f(c) be the second derivative of -c**5/20 + 3*c**4/4 - c**3/6 - 5*c**2 + 5*c. Let l be f(7). Suppose -17 + l = 4*h. What are the prime factors of h?
2
Let m(j) = j + 1. Let k(b) = -2*b**2 + b + 5. Let q(l) = -l + 1. Let g(c) = -k(c) + q(c). Let f(a) = g(a) - m(a). What are the prime factors of f(6)?
7
L